hat is 256 + 4?
262
In base 16, what is 1390 - -1?
1391
In base 14, what is d1 - 22?
ad
In base 14, what is 4c - -3b?
89
In base 2, what is -10111111 - 10?
-11000001
In base 15, what is -831 + 1?
-830
In base 4, what is 0 - -31323?
31323
In base 14, what is 2bd - -2?
2c1
In base 6, what is 33 - -5?
42
In base 14, what is 8ac + -1?
8ab
In base 11, what is -8806 - -3?
-8803
In base 5, what is 10 + -101021?
-101011
In base 13, what is -2 + 52?
50
In base 10, what is 3 + -145?
-142
In base 4, what is -12011 - 0?
-12011
In base 12, what is -ba + 1?
-b9
In base 6, what is -55 - 5?
-104
In base 7, what is 330 - 10?
320
In base 11, what is -5 + 8?
3
In base 8, what is 51 - -5?
56
In base 7, what is 4 + 11601?
11605
In base 8, what is -441 + 3?
-436
In base 16, what is 1 + 62?
63
In base 13, what is 0 + -13?
-13
In base 4, what is -3 - -13020?
13011
In base 9, what is -2700 + -2?
-2702
In base 2, what is -111011101 - 11?
-111100000
In base 10, what is -8 + -6?
-14
In base 15, what is 5 - 10?
-a
In base 10, what is 2105 - 4?
2101
In base 4, what is 0 - 213?
-213
In base 14, what is -5 + b?
6
In base 9, what is 56 + 3?
60
In base 4, what is 22 + -313?
-231
In base 14, what is 12 + 12?
24
In base 16, what is -6c + c?
-60
In base 10, what is -4 + 16?
12
In base 12, what is -3 - -227?
224
In base 13, what is 5 + 693?
698
In base 14, what is -5c + -10?
-6c
In base 10, what is 27 + 70?
97
In base 14, what is 125 + 2?
127
In base 7, what is 215 + -62?
123
In base 10, what is -4 + -93?
-97
In base 16, what is -141 - 2?
-143
In base 6, what is -141 + 312?
131
In base 13, what is -761 - -1b?
-743
In base 14, what is 10d1 + -5?
10ca
In base 6, what is 242555 + 5?
243004
In base 15, what is d + 33?
41
In base 14, what is -b - 9?
-16
In base 2, what is 11 - 10011001?
-10010110
In base 3, what is -1100 - 1000?
-2100
In base 2, what is -1011 + 10011?
1000
In base 7, what is -42 - -13?
-26
In base 14, what is 68 - 3?
65
In base 16, what is 4 - 76?
-72
In base 2, what is 110 + -110011100?
-110010110
In base 7, what is -26 - 53?
-112
In base 5, what is -240 + -31?
-321
In base 8, what is 261 - -2?
263
In base 15, what is -2 - -dd?
db
In base 4, what is 20 - -203?
223
In base 4, what is -222 - -1213?
331
In base 5, what is -2 + 1431?
1424
In base 6, what is 5 - 151?
-142
In base 15, what is 3 - -41?
44
In base 6, what is -10114 + 4?
-10110
In base 9, what is -4301 + 2?
-4288
In base 4, what is -21 + -22?
-103
In base 8, what is -213 + 203?
-10
In base 6, what is 102 + 130?
232
In base 3, what is -220 - -11201?
10211
In base 2, what is -100001000001 + 101?
-100000111100
In base 3, what is 2000 - -11?
2011
In base 13, what is 330 + -a?
323
In base 16, what is -db - 0?
-db
In base 16, what is -1e1 + -1?
-1e2
In base 10, what is -1 - -102?
101
In base 9, what is -1 + -457?
-458
In base 4, what is -11 + 303?
232
In base 8, what is 176 + -5?
171
In base 8, what is -126 + 5?
-121
In base 4, what is 1333 - -2002?
10001
In base 12, what is -115 + a0?
-35
In base 16, what is -36 - 19?
-4f
In base 3, what is 220210 + 101?
221011
In base 12, what is -47 + -39?
-84
In base 8, what is 140 + 3?
143
In base 2, what is 101011011 + 0?
101011011
In base 8, what is -27 - 1166?
-1215
In base 15, what is 2 + 65?
67
In base 15, what is -5 - 55?
-5a
In base 2, what is -1100010011 + -10000?
-1100100011
In base 3, what is 100 - 221?
-121
In base 11, what is 1 - 60?
-5a
In base 11, what is -23 - 60?
-83
In base 5, what is 32333 + -2?
32331
In base 8, what is 3103 + 0?
3103
In base 15, what is -b - 9?
-15
In base 7, what is 4 + 60?
64
In base 2, what is 110101101101 + 0?
110101101101
In base 15, what is 1 + 20?
21
In base 5, what is 123 + -40?
33
In base 9, what is -28 - -34?
5
In base 6, what is -5 + 50155?
50150
In base 11, what is 10a - -11?
120
In base 3, what is 2010121 + -11?
2010110
In base 3, what is 110 - 10101200?
-10101020
In base 13, what is 1ac - 0?
1ac
In base 4, what is -11 - -100?
23
In base 7, what is 4 + 14?
21
In base 9, what is -245 + -7?
-253
In base 10, what is -3026 - 2?
-3028
In base 13, what is a + -305?
-2c8
In base 13, what is -357a - 4?
-3581
In base 15, what is -1 + -2?
-3
In base 6, what is -40 + -35?
-115
In base 4, what is 3332 + 3?
10001
In base 7, what is -161 - 0?
-161
In base 7, what is 335 + -2?
333
In base 5, what is 123111 - -2?
123113
In base 11, what is 10 - 1a0?
-190
In base 3, what is -2012 - -100011?
20222
In base 16, what is e03 + 0?
e03
In base 13, what is -6 - 34?
-3a
In base 13, what is 5 - 1a5?
-1a0
In base 7, what is 121200 - -3?
121203
In base 10, what is -20 - 4?
-24
In base 9, what is -2 + -433?
-435
In base 14, what is 6 - 63b?
-635
In base 7, what is -5 + 26?
21
In base 15, what is -9 + -1be?
-1c8
In base 2, what is -110001 - 100?
-110101
In base 8, what is 1655 + 4?
1661
In base 13, what is -462 + -6?
-468
In base 11, what is -965 - 3?
-968
In base 12, what is 0 + 68?
68
In base 16, what is -d + d?
0
In base 12, what is 4 + 302?
306
In base 16, what is -83 - -1c?
-67
In base 6, what is 10521 - -4?
10525
In base 15, what is 1165b + 4?
11660
In base 3, what is -11011 + -102?
-11120
In base 15, what is 4 + 9?
d
In base 9, what is -2 + 1617?
1615
In base 8, what is -4527 - 4?
-4533
In base 12, what is 236 - 2?
234
In base 6, what is -12 - -34?
22
In base 5, what is 313 + -1?
312
In base 10, what is -30 + -143?
-173
In base 4, what is 30 + 1230?
1320
In base 8, what is -2 + 327?
325
In base 6, what is 2 + 40?
42
In base 5, what is 2 + 210?
212
In base 4, what is -1321022 - 3?
-1321031
In base 9, what is -21 + 1?
-20
In base 6, what is -4 - -1433?
1425
In base 10, what is 11 + -88?
-77
In base 7, what is -14450 + -2?
-14452
In base 15, what is 43 + -150?
-10c
In base 4, what is 13 + -110?
-31
In base 10, what is -735 - -2?
-733
In base 14, what is -9 + -3b?
-46
In base 12, what is -78 + 33?
-45
In base 11, what is -3 - 5a9?
-601
In base 8, what is 1167 - -2?
1171
In base 7, what is -5 + -6?
-14
In base 12, what is 3 - 38?
-35
In base 15, what is 176 + 17?
18d
In base 6, what is 4 - 5541?
-5533
In base 11, what is 144 + -13?
131
In base 2, what is 11 + 110000010110?
110000011001
In base 7, what is 4 - 2343?
-2336
In base 13, what is -38 + 17?
-21
In base 8, what is 0 + 200?
200
In base 10, what is 117 + 3?
120
In base 7, what is 334 - -4?
341
In base 12, what is 3 + -2a?
-27
In base 2, what is 101 + 1010010?
1010111
In base 15, what is a - -a4?
ae
In base 7, what is -45042 + 5?
-45034
In base 5, what is 2241 - 2?
2234
In base 5, what is 234 - -2244?
3033
In base 12, what is -26 + 16?
-10
In base 2, what is -110011 - 0?
-110011
In base 16, what is -19 - -15?
-4
In base 3, what is 100 - 110?
-10
In base 16, what is -b126 - 0?
-b126
In base 10, what is 5 - -1519?
1524
In base 7, what is 0 + 33102?
33102
In base 5, what is 11 + 4?
20
In base 8, what is 0 + -11707?
-11707
In base 8, what is -17 - 107?
-126
In base 6, what is 10 + -40?
-30
In base 9, what is 0 - 101?
-101
In base 7, what is 25033 - -3?
25036
In base 3, what is 1121 + 20?
1211
In base 16, what is -b - -62?
57
In base 10, what is -119 + -26?
-145
In base 3, what is 1021 - -220?
2011
In base 12, what is -5 + 308b?
3086
In base 15, what is -ed6 - -4?
-ed2
In base 5, what is 243 - -13?
311
In base 9, what is -3 - 6763?
-6766
In base 5, what is -112044 - 0?
-112044
In base 13, what is 22 - 25?
-3
In base 5, what is 344 + 2?
401
In base 3, what is 2021120 + -10?
2021110
In base 9, what is 5 - 36?
-31
In base 4, what is 2030 - 11?
2013
In base 14, what is 5 + 1c8?
1cd
In base 13, what is -2328 - 2?
-232a
In base 9, what is 142 - 0?
142
In base 2, what is 110111010 + 10111?
111010001
In base 8, what is -4 + -353?
-357
In base 16, what is -2 + 69b?
699
In base 6, what is 30005 + -10?
25555
In base 8, what is -36 + -7?
-45
In base 8, what is -17 + 1774?
1755
In base 14, what is 870 - 5?
869
In base 4, what is -223230 + -3?
-223233
In base 5, what is 14 - -40?
104
In base 5, what is 3 + 11132?
11140
In base 5, what is -10 + 1014?
1004
In base 9, what is -7 - 200?
-207
In base 4, what is 100220 - -10?
100230
In base 9, what is 1 + -676?
-675
In base 4, what is -23032 - 10?
-23102
In base 5, what is -10314 + -2?
-10321
In base 16, what is 4 - 550?
-54c
In base 6, what is 13 + -52?
-35
In base 6, wha